{"id":386,"date":"2025-08-16T20:50:29","date_gmt":"2025-08-16T20:50:29","guid":{"rendered":"https:\/\/www.azur-box.com\/?page_id=386"},"modified":"2025-08-16T21:59:17","modified_gmt":"2025-08-16T21:59:17","slug":"nos-box","status":"publish","type":"page","link":"https:\/\/www.azur-box.com\/index.php\/nos-box\/","title":{"rendered":"Nos box"},"content":{"rendered":"\t\t<div data-elementor-type=\"wp-page\" data-elementor-id=\"386\" class=\"elementor elementor-386\">\n\t\t\t\t<div class=\"elementor-element elementor-element-badc507 e-flex e-con-boxed e-con e-parent\" data-id=\"badc507\" data-element_type=\"container\" data-e-type=\"container\">\n\t\t\t\t\t<div class=\"e-con-inner\">\n\t\t\t\t<div class=\"elementor-element elementor-element-1c7c6c4 elementor-widget elementor-widget-html\" data-id=\"1c7c6c4\" data-element_type=\"widget\" data-e-type=\"widget\" data-widget_type=\"html.default\">\n\t\t\t\t\t<section class=\"boxes\">\n  <h2>Nos tailles de box disponibles<\/h2>\n  <div class=\"box-grid\">\n    \n    <div class=\"box-card\">\n      <h3>Box 11 m\u00b2<\/h3>\n      <p>Id\u00e9al pour l\u2019\u00e9quivalent d\u2019un petit appartement : cartons, \u00e9lectrom\u00e9nager, v\u00e9los, mobilier d\u00e9mont\u00e9.<\/p>\n      <p><strong>Convient \u00e0 :<\/strong> particuliers, \u00e9tudiants, jeunes couples.<\/p>\n    <\/div>\n\n    <div class=\"box-card\">\n      <h3>Box 25 m\u00b2<\/h3>\n      <p>Parfait pour stocker le contenu d\u2019un logement de 3 \u00e0 4 pi\u00e8ces ou du mat\u00e9riel professionnel.<\/p>\n      <p><strong>Convient \u00e0 :<\/strong> familles, artisans, petites entreprises.<\/p>\n    <\/div>\n\n    <div class=\"box-card\">\n      <h3>Box 50 m\u00b2<\/h3>\n      <p>Un grand espace pour du mobilier volumineux, des machines ou un stock professionnel cons\u00e9quent.<\/p>\n      <p><strong>Convient \u00e0 :<\/strong> PME, associations, usage longue dur\u00e9e.<\/p>\n    <\/div>\n\n    <div class=\"box-card\">\n      <h3>Box 100 m\u00b2<\/h3>\n      <p>Notre format le plus vaste, adapt\u00e9 aux grandes quantit\u00e9s de mat\u00e9riel, au stockage industriel ou agricole.<\/p>\n      <p><strong>Convient \u00e0 :<\/strong> entreprises, exploitations agricoles, grands projets.<\/p>\n    <\/div>\n\n  <\/div>\n<\/section>\n\n<style>\n  .box-grid {\n    display: grid;\n    grid-template-columns: repeat(auto-fit, minmax(250px, 1fr));\n    gap: 20px;\n    margin-top: 20px;\n  }\n  .box-card {\n    background: #f9f9f9;\n    padding: 20px;\n    border-radius: 12px;\n    box-shadow: 0 2px 6px rgba(0,0,0,0.1);\n  }\n  .box-card h3 {\n    margin-top: 0;\n    color: #004aad;\n  }\n<\/style>\n\t\t\t\t<\/div>\n\t\t\t\t\t<\/div>\n\t\t\t\t<\/div>\n\t\t\t\t<\/div>\n\t\t","protected":false},"excerpt":{"rendered":"<p>Nos tailles de box disponibles Box 11 m\u00b2 Id\u00e9al pour l\u2019\u00e9quivalent d\u2019un petit appartement : cartons, \u00e9lectrom\u00e9nager, v\u00e9los, mobilier d\u00e9mont\u00e9. Convient \u00e0 : particuliers, \u00e9tudiants, jeunes couples. Box 25 m\u00b2 Parfait pour stocker le contenu d\u2019un logement de 3 \u00e0 4 pi\u00e8ces ou du mat\u00e9riel professionnel. Convient \u00e0 : familles, [&hellip;]<\/p>\n","protected":false},"author":1,"featured_media":0,"parent":0,"menu_order":0,"comment_status":"closed","ping_status":"closed","template":"page-templates\/template-pagebuilder-full-width.php","meta":{"saved_in_kubio":false,"_themeisle_gutenberg_block_has_review":false,"footnotes":""},"class_list":["post-386","page","type-page","status-publish","hentry"],"kubio_ai_page_context":{"short_desc":"","purpose":"general"},"_links":{"self":[{"href":"https:\/\/www.azur-box.com\/index.php\/wp-json\/wp\/v2\/pages\/386","targetHints":{"allow":["GET"]}}],"collection":[{"href":"https:\/\/www.azur-box.com\/index.php\/wp-json\/wp\/v2\/pages"}],"about":[{"href":"https:\/\/www.azur-box.com\/index.php\/wp-json\/wp\/v2\/types\/page"}],"author":[{"embeddable":true,"href":"https:\/\/www.azur-box.com\/index.php\/wp-json\/wp\/v2\/users\/1"}],"replies":[{"embeddable":true,"href":"https:\/\/www.azur-box.com\/index.php\/wp-json\/wp\/v2\/comments?post=386"}],"version-history":[{"count":7,"href":"https:\/\/www.azur-box.com\/index.php\/wp-json\/wp\/v2\/pages\/386\/revisions"}],"predecessor-version":[{"id":430,"href":"https:\/\/www.azur-box.com\/index.php\/wp-json\/wp\/v2\/pages\/386\/revisions\/430"}],"wp:attachment":[{"href":"https:\/\/www.azur-box.com\/index.php\/wp-json\/wp\/v2\/media?parent=386"}],"curies":[{"name":"wp","href":"https:\/\/api.w.org\/{rel}","templated":true}]}}